 the remainder when 30 is divided by 11 + 0/(-3) + 0.
8
Suppose -5*j + j = -40. Calculate the remainder when j is divided by 3.
1
Let c(o) = o + 71. Calculate the remainder when c(30) is divided by 26.
23
Let r(p) = -2*p**3 - 4*p**2 - 2*p + 1. What is the remainder when (-72)/(-15)*(-4 + 117/18) is divided by r(-2)?
2
Suppose f + 5*q - 8 = -2, 4*q = -f + 10. Suppose -f - 110 = -2*d. What is the remainder when d is divided by 18?
14
Let y(x) = 4*x**2 + 11*x + 15. Let c = -13 - -7. What is the remainder when y(c) is divided by 32?
29
Let o = 32 - 22. Suppose -6 = -2*p + o. What is the remainder when p is divided by 5?
3
Suppose -5*z + 28 = 8. Let r(m) = m + 14. What is the remainder when r(-10) is divided by z?
0
Suppose 5*g - 3*x = 50, 20 = -5*x + x. Let s = 21 - g. What is the remainder when 67 is divided by s?
11
Let f(d) = d**3 + 6*d**2 - 6*d - 9. Let n be f(-6). Let h = n - 13. Let y = -10 + h. What is the remainder when y is divided by 3?
1
Let z be (-218)/(-9) + 8/(-36). Suppose 5*p - 1 - z = 0. What is the remainder when p is divided by 4?
1
Calculate the remainder when 1/((-2)/(-94))*1 is divided by 10.
7
Let d = -4 - -7. Suppose -d*z - 3*r + 14 = r, -2*r + 14 = 5*z. Let m = -20 - -22. What is the remainder when z is divided by m?
0
Suppose -6*k + 2*k = 12. Let r be (-6)/2 - (-4 + k). Suppose 5*p - m = 6*p - 6, -p + 12 = r*m. What is the remainder when 13 is divided by p?
1
Let n(s) = -2*s + 3. Let w be n(-12). Calculate the remainder when -6*w*3/(-6) is divided by 21.
18
Suppose 0*q = -2*q + 90. Let n(g) = g**3 + 5*g**2 - 8*g + 4. Calculate the remainder when q is divided by n(-6).
13
Let n(v) = 5*v + 4. Let x be n(-3). Let d = -1 - x. What is the remainder when (-429)/(-15) - (-2)/5 is divided by d?
9
Let n = 21 + -3. Suppose -a = 5, 3*h + 34 = -0*h - 2*a. Let v = h + n. What is the remainder when v is divided by 6?
4
Suppose -50 = -27*d + 17*d. What is the remainder when (-35)/(-2) + 3/(-6) is divided by d?
2
Let z(j) = 22*j - 1. Suppose 0*f + 16 = 2*f. What is the remainder when z(1) is divided by (-1)/(-4) + 86/f?
10
Let o be -2*118*1/(-4). Let h = -74 + 40. Let t = o + h. Calculate the remainder when t is divided by 9.
7
Calculate the remainder when 81 is divided by 2/20*422 + 5/(-25).
39
Suppose -u - 5*b + 2 = 0, 2*u + 5*b - 4 + 0 = 0. Let o = 10 + u. Calculate the remainder when 44 is divided by o.
8
Suppose 0 = 3*p - 42 + 18. Let g(z) = z**2 - 5*z + 7. Let q be g(5). Let w(i) = i**3 - 7*i**2 + 4*i - 6. Calculate the remainder when w(q) is divided by p.
6
Let b(t) = t**3 - 7*t**2 + 10*t - 7. Let z(j) = j**2 - 9*j. Let c be z(8). Calculate the remainder when b(6) is divided by -15*7/(140/c).
5
Let s(t) = 4*t**2 - t - 2. Let j = -7 - -5. What is the remainder when 47 is divided by s(j)?
15
Suppose 3*z = 5*q - 26, -2*z - 29 = 2*q - 7*q. Let g = q + 49. Suppose -n + 5*n - g = 0. What is the remainder when n is divided by 8?
6
Let d be 1/((6/4)/3). Suppose p - 167 = -d*c, -c - 3*p = 2*p - 79. What is the remainder when (-1)/3 - c/(-9) is divided by 6?
3
Let p(x) = 3*x**3 - 3*x**2. Let u be p(2). Suppose g + g = 2. What is the remainder when 10/4*u/15 is divided by g?
0
Let g = 14 - 8. Let a(m) = m**3 - 5*m**2 - 6*m + 4. What is the remainder when 13 is divided by a(g)?
1
Let b(a) = a**3 + 1. Let p(w) = 14*w**3 - w**2 + 3. Let c(v) = 3*b(v) - p(v). Suppose -5*l = 4 + 1. Calculate the remainder when 34 is divided by c(l).
10
Let v be 2 + -1 + 1 + -1. Let c(w) = 14*w**2 + w. What is the remainder when 59 is divided by c(v)?
14
Let z(r) = r**2 - 6. What is the remainder when 31 is divided by z(-5)?
12
Let r(z) = -3*z - 5. Suppose -3*y = 12, 4 = -3*l + 2*l + 5*y. What is the remainder when r(-9) is divided by ((-6)/(-4) + -2)*l?
10
Let w(i) = -i - 8. Let o be w(-8). Suppose 0*g - g = -4*c + 29, -3*c - 2*g + 8 = o. What is the remainder when 9 is divided by c?
3
Suppose 2*q + 1 = 9. Suppose 0 = 5*y + q*i - i - 90, -4*y + 75 = 3*i. Suppose 46 = -4*k + 162. Calculate the remainder when k is divided by y.
14
Let p = 202 - 192. Calculate the remainder when 29 is divided by p.
9
Suppose -5 = -2*i - 2*d + 21, d + 13 = i. Calculate the remainder when 49 is divided by i.
10
Suppose 0 = -c + 2*c - 17. Calculate the remainder when 32 is divided by c.
15
Suppose 0 = 5*p + 3*o - 170, -2*p - p - 2*o = -102. What is the remainder when 65 is divided by p?
31
Suppose 3*f = 5*i - 4 - 6, -3*f = -i + 14. Calculate the remainder when (-1)/i + (-1 - -21) is divided by (-2)/1 - (-12 + -1).
10
Let d(g) = g**3 - 5*g**2 + 6*g. Suppose -k = -5*b - 14, 6*k - b - 18 = 2*k. Suppose x + 44 = 3*x. Calculate the remainder when x is divided by d(k).
6
Calculate the remainder when 16 is divided by (-11*2/4)/((-1)/2).
5
Let z be 2/7 - 1595/(-77). What is the remainder when 1/7 + 1656/z is divided by 20?
19
Let w = 10 + -1. What is the remainder when 9*-1*(-30)/w is divided by 11?
8
Let s = 78 + -53. Let a(g) = g**3 + 20*g**2 - 2*g + 8. What is the remainder when a(-20) is divided by s?
23
Suppose 15 + 10 = 5*y. Suppose -y*q - 4*i = -37, 4*q + q - 22 = i. What is the remainder when 7 is divided by q?
2
Let j(t) = -4*t**2 - 3*t - 2. Let m be j(-2). Suppose 3*z + 86 = 2*n - 4*n, z - 172 = 4*n. Let d = m - n. Calculate the remainder when d is divided by 16.
15
Suppose 0 = 2*z - 0*w + w - 7, -3*w = -z + 7. Calculate the remainder when 13 is divided by z.
1
Suppose d = -5*q - 9, 0 = d - 5*q - 31 - 0. What is the remainder when 20 is divided by d?
9
Let c be (-44)/(-10)*(-10)/(-4). Suppose 16*f - 265 = c*f. What is the remainder when f is divided by 14?
11
Suppose -5*u + 42 = 4*o, -2*o - 2*u = -4*u - 30. Calculate the remainder when 15 is divided by o.
2
Let i be (-4 + 4)*2/(-4). Suppose i = y - 5*y + 2*u + 254, 0 = -u - 3. Calculate the remainder when y is divided by 21.
20
Let t(r) = 24*r**2 + 4*r - 3. Let k(o) = -16*o**2 - 3*o + 2. Let v(h) = 7*k(h) + 5*t(h). What is the remainder when 23 is divided by v(-1)?
7
Let r(c) = 15*c**2 + 4*c - 3. Let q be r(2). Suppose 0 = -5*y + 10*y - q. What is the remainder when y is divided by 4?
1
Let z = 57 + -39. Suppose 3*a = a + z. Let p = a - -7. What is the remainder when 30 is divided by p?
14
Let k(c) = c**2 + 9*c + 8. Let s be k(-8). Suppose 11 = -s*p + p. Calculate the remainder when p is divided by 6.
5
Suppose -4 = -2*k - 2*m - 3*m, 2*m = -5*k + 10. Suppose -k*o + 30 = -4*d - 36, -3*d + 3*o = 45. Let b = d - -37. What is the remainder when b is divided by 10?
9
Suppose 15*c = 3*c + 1392. Calculate the remainder when c is divided by 60.
56
Let n be 2 - ((-9)/(-3) - 3). Suppose -2*h + n = -4. What is the remainder when 7 is divided by h?
1
Suppose 2*q = q - 4*k + 8, 0 = -q - 3*k + 7. Suppose -5*o = 3*j - o + 37, 2*o = -q*j - 46. Let h = j + 18. Calculate the remainder when 13 is divided by h.
6
Let y = 185 + -159. Let n(f) = f**2 - 4. Let a be n(-6). Suppose 3*j - 3 = 0, -2*j = 3*v + 3*j - a. What is the remainder when y is divided by v?
8
Let d(m) = 19*m + 1. Let g be d(-1). Calculate the remainder when (1 - -3) + 8 - -4 is divided by g*-2*1/4.
7
Suppose 4*t = 119 - 3. What is the remainder when t is divided by 14/(-63) - 584/(-36)?
13
Let c(p) = -p + 1. Let l be c(-6). What is the remainder when 61 is divided by (-447)/(-21) + (-2)/l?
19
Let d(m) = -10*m + 4. Calculate the remainder when 35 is divided by d(-1).
7
Let c(a) = 14*a - 12. Calculate the remainder when 18 is divided by c(1).
0
Suppose -a = -5*a + 4. Suppose 4*y = -l - 7, y = -4 - a. What is the remainder when 36 is divided by l?
10
Suppose 4*f = -4*g - 12, 4*f + 0 - 3 = g. Suppose -4*r - 4*x + 40 = 0, -5*r - x + 2*x + 74 = f. What is the remainder when 40 is divided by r?
12
Let u = -32 + 0. Let d = -7 - u. Calculate the remainder when d is divided by 9.
7
Let n = 4 - 1. Calculate the remainder when 4 is divided by n.
1
Let c(d) = -3*d**3 - 2*d**2 + 5*d + 3. Let y(p) = -p**3 + p**2 + p + 1. Let b(l) = -c(l) + 2*y(l). What is the remainder when 32 is divided by b(-4)?
10
Let o = 4 - -12. Suppose 90 = 7*c - 4*c. Suppose q - c = -4*q. What is the remainder when o is divided by q?
4
Suppose 4*s = -4, -3*p - s = 60 - 617. Let m be (-2 - -3)*0/(-1). Suppose m = 5*h + 41 - p. What is the remainder when h is divided by 8?
5
Suppose 0*f = 3*f - 36. Let a(r) = 2*r - 2. Let q b